466. Let u(z) = -z**3 - 10*z**2 + 13*z - 19. What is u(k)?
-41
Let u(t) be the second derivative of t**4/12 + t**3/6 - t**2/2 + 3*t - 3. Let a be 36/9 + (0 - 0). Suppose x - 3 = -2*h, h = -4*x + x + a. What is u(x)?
1
Let i(o) = 6*o - 17. Let q(c) = 95*c + 9 - 27 - 88*c. Let p(d) = -6*i(d) + 5*q(d). Let a be (-4)/6 - (-8)/12. What is p(a)?
12
Let w(g) be the second derivative of -g**3/3 + 9*g**2 + 27*g. Let l = -8 - -14. Let b be w(l). Let a(k) = -k**3 + 7*k**2 - 4*k + 4. Calculate a(b).
16
Let m(c) = -836*c**2 - 31*c**3 + 20*c**3 + 832*c**2 + 13*c**3. Give m(2).
0
Let a(l) be the second derivative of l**4/12 + 3*l**3 - 3*l**2/2 - 11*l + 108. Give a(-10).
-83
Suppose 2*w = -2*c - 6, -5*w - 73 + 66 = c. Let s = -3 + 5. Let g(k) = 0*k**s + k + k**2 + 7*k**3 - 1 - 2*k. Calculate g(w).
-6
Let v(m) be the second derivative of -5*m**3/6 + 4*m**2 + 3*m. Let j = 6459 - 6453. What is v(j)?
-22
Suppose -r + 0*b - 5 = -2*b + 5, 4*b = 0. Let c(g) = -5*g - 38. Determine c(r).
12
Let l(m) = 93*m - 41*m - 3 - 27*m - 24*m. Let d be (49/21)/(1/3). Let g be (-31)/d - 3/(-7). Determine l(g).
-7
Let v(g) = -g**3 + 4*g**2 + 1. Let k be v(4). Let l(m) be the second derivative of -5*m**4/12 + m**3/6 - m**2/2 + m + 2362. Give l(k).
-5
Let m(v) = 44*v - 6. Let i(b) = -b**2 - 85*b - 249. Let z be i(-3). Calculate m(z).
-138
Suppose 19*b + 67*b + 602 = 0. Let k(n) = -5*n + 3. What is k(b)?
38
Let h(r) = r**2 - 1109*r + 8802. Let l be h(8). Let z(k) = k**3 + 9*k**2 + 15*k + 4. What is z(l)?
22
Suppose -107*h - 124*h - 1076 = 310. Suppose 3*s - 36 = -0*s. Let o(w) = 8 + w - 9 + s. Give o(h).
5
Let x(f) = 13*f + 46. Let k be x(-3). Let z(w) be the first derivative of -2*w**2 + 11*w + 237. What is z(k)?
-17
Let m(g) = 3*g**2 - 2*g + 42. Let u be 0/((-87)/(-319) - (-189)/33). Give m(u).
42
Let a(d) be the first derivative of -d**4/4 - 5*d**3/3 - d**2/2 - 7*d - 112. Let p(o) = -7*o + 170. Let h be p(25). Give a(h).
-2
Let r(k) = -2*k + 2. Let q(n) = -n + 3 - 3 + 1. Let g(t) = 7*q(t) - 3*r(t). Let m(s) = -s**3 - 4*s**2 + 6*s. Let v be m(-5). Give g(v).
6
Let o(h) = -h**3 + 7*h**2 - 2*h + 3. Let s(k) = -k**3 + 20*k**2 - 22*k - 35. Let j(b) = -b**2 - b. Let a(t) = -4*j(t) - s(t). Let l be a(14). Calculate o(l).
-11
Let y be (-28)/504*-90 + 1*9. Let o = -2 + 3. Let f(p) = -9*p**2 - 3*p**3 + y*p**2 + o + 2*p**3. Give f(5).
1
Suppose -5*t = -3*y + 32, -t + 5*y - y = 20. Let k = -90 + 93. Let o(x) = -5 - 1 + 5 - k*x - x**3 - 5 - 4*x**2. Calculate o(t).
6
Let x be 0/(-3)*3/18. Let d(l) = -3*l**2 + l - 6. Give d(x).
-6
Suppose 3*h - 154 = -19*h. Let d(y) = 13*y - 92. Let f be d(h). Let i(x) = -x**2 - 2*x - 2. Determine i(f).
-1
Let m(g) = g**2 + 4663*g - 6. Let h(y) = 9*y**2 + 42742*y - 54. Let f(u) = 6*h(u) - 55*m(u). Let q = -17 - -5. Determine f(q).
18
Let i(h) be the first derivative of -h**4/4 + 10*h**3/3 - 6*h**2 + 31*h - 7375. Calculate i(9).
4
Let g(n) be the second derivative of -n**3/6 - n**2/2 + n. Let z(h) = h**2 + 21*h - 131. Suppose -170*j + 161*j - 234 = 0. Let v be z(j). Calculate g(v).
0
Let k(o) = o**3 - 4*o**2 - 4*o + 3. Let v be ((-8)/(-2) - 2) + 2. Suppose -2*w - 5*r = 4, 2*r + 44 = -v*w + r. Let c be 2 - (-1)/((-4)/w). What is k(c)?
8
Let r(t) = -t**3 - t**2 - 2*t - 3. Let s(y) = 172*y + 6017. Let h be s(-35). What is r(h)?
21
Let a(h) = h**3 - 9*h**2 + 9*h - 4. Let s(y) = y**3 + 8*y**2 + 16*y + 13. Suppose 25 = -3*x + 6*g - 8*g, -2*g = x + 15. Let z be s(x). What is a(z)?
4
Let p(b) = -6 - 45*b**2 + 44*b**2 + 7 + 3. Let n = 41 - 46. Give p(n).
-21
Suppose 0 = 3*u + 2*h + 3, 0 = 4*u + u - h + 18. Let a(t) = -167923 + 83960 + 83960 + 5*t. What is a(u)?
-18
Let u(w) = -2 - w**3 + 2*w + 7*w**2 + 0*w**3 + 0 - 5*w**2. Suppose -9*c + 6*c = -6. What is u(c)?
2
Let u = 2 - 3. Let w(z) = 79*z**3 + 98*z + 447. Let a(h) = -13*h**3 - 16*h - 73. Let m(t) = 49*a(t) + 8*w(t). Determine m(u).
4
Suppose -3*j = -51 + 105. Let v(i) = i + 15. Let q be v(j). Let k(m) be the third derivative of -m**5/60 - m**4/24 - 18*m**2. Determine k(q).
-6
Let v(l) be the first derivative of -2*l**3/3 + 3*l**2/2 - 2*l + 1988. Suppose 3*i = 8 + 1. What is v(i)?
-11
Let s(w) = 40*w**3 + 4*w**2 - 6*w + 9. Let i(z) = 47*z**3 + 4*z**2 - 7*z + 10. Let u(y) = 6*i(y) - 7*s(y). What is u(3)?
15
Suppose 10 = 4*k - 30. Let o be 4/k - (-216)/(-40). Let z(b) = -10*b - 2. Let u(x) = -9*x - 1. Let w(g) = 6*u(g) - 5*z(g). Determine w(o).
24
Let x(a) = a**3 + 5*a**2 - 42*a + 66. Let j(z) = -z**3 - 4*z**2 + 35*z - 65. Let y(i) = -6*j(i) - 5*x(i). Determine y(0).
60
Let i(a) = -a**2 - 4*a + 4. Let z be 8 + -2 - (-15 - -16) - 444. Let u = z - -435. Calculate i(u).
4
Suppose 1249 = -443*q - 80. Let b(h) = 2*h**3 + 2*h**2 - h + 2. Give b(q).
-31
Let d(l) be the second derivative of -l**2 + 7*l + 1 + 1/3*l**3. Determine d(-5).
-12
Let y(f) = -2*f - 11. Let q(p) = -2*p**3 + 7*p - 9 + 12*p**3 - 5 - 7*p**2 - 9*p**3. Let v be q(6). Give y(v).
5
Let y(m) = 1218*m + 13. Let k be y(0). Let j(o) = -o + 13. Calculate j(k).
0
Let d(t) = 13*t - 15 - 16 - 11 - 4 + 62. Give d(-4).
-36
Let c(w) be the second derivative of -w**5/20 + 7*w**4/4 - 13*w**3/2 + 29*w**2/2 - 3055*w. Give c(19).
10
Let h be 3/(-2)*800/(-450)*9/(-6). Let b(y) = -y**2 - 4*y - 17. Give b(h).
-17
Let l(y) = -5*y + 26. Let p be 1 + 4/20*25*1. Calculate l(p).
-4
Let a = 6 + -5. Let t(g) = g**2 + 4*g - 4. Let c(p) = 1. Let h(y) = a*t(y) + 5*c(y). Let q(r) = -90*r - 1985. Let u be q(-22). What is h(u)?
6
Let x = 34112 + -34103. Let k(g) = -3*g**2 + 31*g - 11. Give k(x).
25
Suppose 4*p - 12 = 0, 4*p - 14 = 4*c - 5*c. Let v(z) = z**2 - 3*z + 4. Let n be v(c). Let a(k) = -n - 9 - 5*k - 2*k**3 + 3*k**2 + 12 + 2*k. Calculate a(2).
-9
Suppose x = 4, 0*x - 2*x = -3*y + 19. Let k(c) = c - 1. Let s(a) be the third derivative of 7*a**4/24 - 3*a**3 + 4*a**2. Let u(p) = 5*k(p) - s(p). Give u(y).
-5
Let m = -927 + 929. Let c(k) be the second derivative of k**4/12 - k**2/2 + k + 4. Determine c(m).
3
Suppose -162*k = -151*k - 77. Let v(c) = -2*c**2 - 5*c - 2. Let f(o) = -3*o**2 - 10*o - 6. Let x(l) = 3*f(l) - 5*v(l). What is x(k)?
6
Let v(k) = -26*k**3 - 17*k**2 - k - 3. Let w(s) = -10*s**3 - 6*s**2 - 1. Let h(b) = 3*v(b) - 8*w(b). Suppose 5*m + 13 = 43. Let c be 4/(-1)*m/(-8). Give h(c).
17
Suppose -34*g = 14*g - 192. Let o(n) = -n**3 + 5*n**2 + n + 7. Give o(g).
27
Suppose 20*b = 24*b - 24. Suppose 9*p - 7*p = b. Let y(l) = -l**2 + 6*l. Determine y(p).
9
Let g = -282 - -501. Suppose g = -2*t - 5*r, 198 + 195 = -4*t - r. Let z = -94 - t. Let q(k) = k**2 + 2*k - 3. What is q(z)?
12
Let h(x) = x**2 - 4. Let p(o) = 6*o**2 - 7*o - 6. Let c be p(-2). Let r = 36 - c. Determine h(r).
12
Let d(u) = -u**3 - 9*u**2 - 12*u + 6. Suppose -3*f + 4438 = 4*k + 4435, 2*f = -k + 7. Determine d(k).
-12
Let z(o) = o**3 + 15*o**2 + 15*o - 8. Suppose -4*u - 12*x = 140, 5*u - 31*x = -28*x - 49. Determine z(u).
-22
Let o be (155/15 + -5)/((-6)/(-9)). Let r(q) = 0 + o*q + 15*q**2 - 16*q**2 + 0. What is r(7)?
7
Let t(a) = -a + 2. Let r be t(14). Let i(d) = -d**3 - 12*d**2 - 10*d - 1. Let b be i(r). Let m = b - 110. Let x(w) = w**2 - 10*w - 11. What is x(m)?
-20
Let p(v) = 37*v + 76. Let h(f) = -40*f - 72. Let g(o) = 4*h(o) + 5*p(o). What is g(-4)?
-8
Let m(g) = -g + 11. Let p be m(-5). Let d(b) = b**3 - 15*b**2 - 17*b + 18. Let n be d(p). Let k(y) = -2*y**n + 2*y - y + 7 + 0*y + 5*y. Give k(6).
-29
Let i(h) = h**2 + 3*h - 3. Let d(y) = y**3 - y**2 - y + 1. Suppose 4*n + 5*s - s = -20, -3*n - 4*s - 18 = 0. Let a(w) = n*d(w) - i(w). Determine a(1).
-1
Let t be 4323/18 - (-5)/(-30). Let f = t - 239. Let b(a) = -23*a**2 + 2*a - 1. Give b(f).
-22
Let f = 8551 - 8554. Let u(o) = o**3 - 2*o**2 - 2*o - 2. What is u(f)?
-41
Let l(g) be the third derivative of 29*g**4/12 + 178*g**3/3 - g**2 + 31*g - 14. Determine l(-6).
8
Let z = 653/3 - 5219/24. Let a(x) be the third derivative of -19*x**2 + 0*x + z*x**4 - 1/2*x**3 + 0 - 1/15*x**5. Determine a(3).
-24
Let b(x) = 7*x + 4. Let p(l) = -20*l - 12. Let t(m) = -17*b(m) - 6*p(m). Let a = -2 - 4. Let n(g) = -g - 3. Let u(k) = a*n(k) - 7*t(k). What is u(-11)?
1
Let a(f) = -41*f + 86. Suppose o + 3*d + 104 = 109, -2*o + 1 = -3*d. Determine a(o).
4
Let j(m) be the first derivative of 3*m**2/2 - 3*m - 1121. Calculate j(-3).
-12
Let y(o) be the second derivative of -4*o**3/